{"id":6,"date":"2023-10-16T15:11:38","date_gmt":"2023-10-16T13:11:38","guid":{"rendered":"http:\/\/maria-bischof.at\/?page_id=6"},"modified":"2023-10-20T16:38:15","modified_gmt":"2023-10-20T14:38:15","slug":"coaching","status":"publish","type":"page","link":"http:\/\/maria-bischof.at\/?page_id=6","title":{"rendered":"Coaching"},"content":{"rendered":"\n<p>Coaching ist ein kompaktes, umfassendes auf die aktuellen Bed\u00fcrfnisse zugeschnittenes Beratungs- und Unterst\u00fctzungsangebot mit thematischer und zeitlicher Begrenzung.<br>Das Coaching richtet sich an Personen mit spezieller Projektverantwortung oder in helfenden und lehrenden Berufen.<\/p>\n\n\n\n<p>Ziel des Coaching ist es, in einem&nbsp; ziel- und l\u00f6sungsorientierten Prozess, die pers\u00f6nlichen und beruflichen F\u00e4higkeiten zu f\u00f6rdern, stabilisieren und zu st\u00e4rken.<\/p>\n\n\n\n<h3 class=\"wp-block-heading\">Was kann Coaching leisten:<\/h3>\n\n\n\n<ul>\n<li>Eigene Denk- und Handlungsmuster bewusst machen<\/li>\n\n\n\n<li>Eine Gelegenheit zum Erlernen kommunikativer F\u00e4higkeiten<\/li>\n\n\n\n<li>Ressourcen und neue Wege des Selbstmanagements aktivieren<\/li>\n\n\n\n<li>Rollenkompetenz aufbauen<\/li>\n<\/ul>\n\n\n\n<h3 class=\"wp-block-heading\">Themenschwerpunkte:<\/h3>\n\n\n\n<ul>\n<li>individuelle F\u00fchrungsfragen<\/li>\n\n\n\n<li>individuelle und massgeschneiderte Kompetenzen-Profile aneignen<\/li>\n\n\n\n<li>Lebensqualit\u00e4t verbessern, Stress-, Burnout- oder Mobbingthemen bearbeiten<\/li>\n\n\n\n<li>Kommunikationstraining<\/li>\n\n\n\n<li>Konflikte bew\u00e4ltigen, Ver\u00e4nderungen managen, Selbst- und Zeitmanagement.<\/li>\n<\/ul>\n\n\n\n<p><\/p>\n","protected":false},"excerpt":{"rendered":"<p>Coaching ist ein kompaktes, umfassendes auf die aktuellen Bed\u00fcrfnisse zugeschnittenes Beratungs- und Unterst\u00fctzungsangebot mit thematischer und zeitlicher Begrenzung.Das Coaching richtet sich an Personen mit spezieller Projektverantwortung oder in helfenden und lehrenden Berufen. Ziel des Coaching ist es, in einem&nbsp; ziel- und l\u00f6sungsorientierten Prozess, die pers\u00f6nlichen und beruflichen F\u00e4higkeiten zu f\u00f6rdern, stabilisieren und zu st\u00e4rken. Was [&hellip;]<\/p>\n","protected":false},"author":1,"featured_media":0,"parent":0,"menu_order":0,"comment_status":"closed","ping_status":"closed","template":"","meta":{"hide_page_title":""},"_links":{"self":[{"href":"http:\/\/maria-bischof.at\/index.php?rest_route=\/wp\/v2\/pages\/6"}],"collection":[{"href":"http:\/\/maria-bischof.at\/index.php?rest_route=\/wp\/v2\/pages"}],"about":[{"href":"http:\/\/maria-bischof.at\/index.php?rest_route=\/wp\/v2\/types\/page"}],"author":[{"embeddable":true,"href":"http:\/\/maria-bischof.at\/index.php?rest_route=\/wp\/v2\/users\/1"}],"replies":[{"embeddable":true,"href":"http:\/\/maria-bischof.at\/index.php?rest_route=%2Fwp%2Fv2%2Fcomments&post=6"}],"version-history":[{"count":4,"href":"http:\/\/maria-bischof.at\/index.php?rest_route=\/wp\/v2\/pages\/6\/revisions"}],"predecessor-version":[{"id":82,"href":"http:\/\/maria-bischof.at\/index.php?rest_route=\/wp\/v2\/pages\/6\/revisions\/82"}],"wp:attachment":[{"href":"http:\/\/maria-bischof.at\/index.php?rest_route=%2Fwp%2Fv2%2Fmedia&parent=6"}],"curies":[{"name":"wp","href":"https:\/\/api.w.org\/{rel}","templated":true}]}}

<p>Coaching ist ein kompaktes, umfassendes auf die aktuellen Bedürfnisse zugeschnittenes Beratungs- und Unterstützungsangebot mit thematischer und zeitlicher Begrenzung.<br>Das Coaching richtet sich an Personen mit spezieller Projektverantwortung oder in helfenden und lehrenden Berufen.</p>



<p>Ziel des Coaching ist es, in einem&nbsp; ziel- und lösungsorientierten Prozess, die persönlichen und beruflichen Fähigkeiten zu fördern, stabilisieren und zu stärken.</p>



<h3 class="wp-block-heading">Was kann Coaching leisten:</h3>



<ul>
<li>Eigene Denk- und Handlungsmuster bewusst machen</li>



<li>Eine Gelegenheit zum Erlernen kommunikativer Fähigkeiten</li>



<li>Ressourcen und neue Wege des Selbstmanagements aktivieren</li>



<li>Rollenkompetenz aufbauen</li>
</ul>



<h3 class="wp-block-heading">Themenschwerpunkte:</h3>



<ul>
<li>individuelle Führungsfragen</li>



<li>individuelle und massgeschneiderte Kompetenzen-Profile aneignen</li>



<li>Lebensqualität verbessern, Stress-, Burnout- oder Mobbingthemen bearbeiten</li>



<li>Kommunikationstraining</li>



<li>Konflikte bewältigen, Veränderungen managen, Selbst- und Zeitmanagement.</li>
</ul>



<p></p>

<p>Coaching ist ein kompaktes, umfassendes auf die aktuellen Bedürfnisse zugeschnittenes Beratungs- und Unterstützungsangebot mit thematischer und zeitlicher Begrenzung.Das Coaching richtet sich an Personen mit spezieller Projektverantwortung oder in helfenden und lehrenden Berufen. Ziel des Coaching ist es, in einem&nbsp; ziel- und lösungsorientierten Prozess, die persönlichen und beruflichen Fähigkeiten zu fördern, stabilisieren und zu stärken. Was [&hellip;]</p>
