{"id":5,"date":"2023-10-16T15:11:38","date_gmt":"2023-10-16T13:11:38","guid":{"rendered":"http:\/\/maria-bischof.at\/?page_id=5"},"modified":"2023-10-20T16:37:44","modified_gmt":"2023-10-20T14:37:44","slug":"supervision","status":"publish","type":"page","link":"http:\/\/maria-bischof.at\/?page_id=5","title":{"rendered":"Supervision"},"content":{"rendered":"\n<p>Supervision richtet sich an Einzelpersonen, Gruppen oder Teams aller Hierarchiestufen, die ihr berufliches Handeln reflektieren wollen. Sie ist eine besondere Form von Beratung bezogen auf den Berufsalltag der Supervisanden.<\/p>\n\n\n\n<p>Ziel der Supervision ist die Verbesserung der Arbeitssituation, der Arbeitsatmosph\u00e4re, der Arbeitsorganisation und der aufgabenspezifischen Kompetenzen.<\/p>\n\n\n\n<p><\/p>\n\n\n\n<h3 class=\"wp-block-heading\">M\u00f6glich wird das \u00dcberpr\u00fcfen:<\/h3>\n\n\n\n<ul>\n<li>der eigenen Bewertungen und Einsch\u00e4tzungen was die Arbeit betrifft<\/li>\n\n\n\n<li>der Beziehungen am Arbeitsplatz (Kommunikation, Kooperation, Rollen)<\/li>\n\n\n\n<li>der Rahmenbedingungen( Organisationsstrukturen)<\/li>\n<\/ul>\n\n\n\n<h3 class=\"wp-block-heading\">Einzelsupervision kann hilfreich sein:<\/h3>\n\n\n\n<ul>\n<li>W\u00e4hrend einer langfristigen beruflichen Fortbildung oder Umorientierung<\/li>\n\n\n\n<li>Bei Wechsel der Arbeitsbereiche und Verantwortlichkeiten<\/li>\n\n\n\n<li>In einer Leitungsfunktion<\/li>\n\n\n\n<li>F\u00fcr Personen die ihr eigenes berufliches Handlungsfeld reflektieren und erweitern wollen<\/li>\n<\/ul>\n\n\n\n<h3 class=\"wp-block-heading\">Team und Gruppensupervision kann hilfreich sein:<\/h3>\n\n\n\n<ul>\n<li>W\u00e4hrend einer berufsbegleitenden Fortbildung<\/li>\n\n\n\n<li>Gemeinsam mit anderen aus vergleichbaren Arbeitsfeldern sowohl in derselben Einrichtung als auch aus verschiedenen Organisationen<\/li>\n\n\n\n<li>Praxisreflexion der eigenen therapeutischen Arbeit<\/li>\n\n\n\n<li>Reflexion der professionellen Beziehung zwischen Betreuern und Klienten<\/li>\n<\/ul>\n\n\n\n<ul>\n<li>Teamentwicklung<\/li>\n\n\n\n<li>Teamberatung<\/li>\n<\/ul>\n","protected":false},"excerpt":{"rendered":"<p>Supervision richtet sich an Einzelpersonen, Gruppen oder Teams aller Hierarchiestufen, die ihr berufliches Handeln reflektieren wollen. Sie ist eine besondere Form von Beratung bezogen auf den Berufsalltag der Supervisanden. Ziel der Supervision ist die Verbesserung der Arbeitssituation, der Arbeitsatmosph\u00e4re, der Arbeitsorganisation und der aufgabenspezifischen Kompetenzen. M\u00f6glich wird das \u00dcberpr\u00fcfen: Einzelsupervision kann hilfreich sein: Team und [&hellip;]<\/p>\n","protected":false},"author":1,"featured_media":0,"parent":0,"menu_order":0,"comment_status":"closed","ping_status":"closed","template":"","meta":{"hide_page_title":""},"_links":{"self":[{"href":"http:\/\/maria-bischof.at\/index.php?rest_route=\/wp\/v2\/pages\/5"}],"collection":[{"href":"http:\/\/maria-bischof.at\/index.php?rest_route=\/wp\/v2\/pages"}],"about":[{"href":"http:\/\/maria-bischof.at\/index.php?rest_route=\/wp\/v2\/types\/page"}],"author":[{"embeddable":true,"href":"http:\/\/maria-bischof.at\/index.php?rest_route=\/wp\/v2\/users\/1"}],"replies":[{"embeddable":true,"href":"http:\/\/maria-bischof.at\/index.php?rest_route=%2Fwp%2Fv2%2Fcomments&post=5"}],"version-history":[{"count":4,"href":"http:\/\/maria-bischof.at\/index.php?rest_route=\/wp\/v2\/pages\/5\/revisions"}],"predecessor-version":[{"id":81,"href":"http:\/\/maria-bischof.at\/index.php?rest_route=\/wp\/v2\/pages\/5\/revisions\/81"}],"wp:attachment":[{"href":"http:\/\/maria-bischof.at\/index.php?rest_route=%2Fwp%2Fv2%2Fmedia&parent=5"}],"curies":[{"name":"wp","href":"https:\/\/api.w.org\/{rel}","templated":true}]}}

<p>Supervision richtet sich an Einzelpersonen, Gruppen oder Teams aller Hierarchiestufen, die ihr berufliches Handeln reflektieren wollen. Sie ist eine besondere Form von Beratung bezogen auf den Berufsalltag der Supervisanden.</p>



<p>Ziel der Supervision ist die Verbesserung der Arbeitssituation, der Arbeitsatmosphäre, der Arbeitsorganisation und der aufgabenspezifischen Kompetenzen.</p>



<p></p>



<h3 class="wp-block-heading">Möglich wird das Überprüfen:</h3>



<ul>
<li>der eigenen Bewertungen und Einschätzungen was die Arbeit betrifft</li>



<li>der Beziehungen am Arbeitsplatz (Kommunikation, Kooperation, Rollen)</li>



<li>der Rahmenbedingungen( Organisationsstrukturen)</li>
</ul>



<h3 class="wp-block-heading">Einzelsupervision kann hilfreich sein:</h3>



<ul>
<li>Während einer langfristigen beruflichen Fortbildung oder Umorientierung</li>



<li>Bei Wechsel der Arbeitsbereiche und Verantwortlichkeiten</li>



<li>In einer Leitungsfunktion</li>



<li>Für Personen die ihr eigenes berufliches Handlungsfeld reflektieren und erweitern wollen</li>
</ul>



<h3 class="wp-block-heading">Team und Gruppensupervision kann hilfreich sein:</h3>



<ul>
<li>Während einer berufsbegleitenden Fortbildung</li>



<li>Gemeinsam mit anderen aus vergleichbaren Arbeitsfeldern sowohl in derselben Einrichtung als auch aus verschiedenen Organisationen</li>



<li>Praxisreflexion der eigenen therapeutischen Arbeit</li>



<li>Reflexion der professionellen Beziehung zwischen Betreuern und Klienten</li>
</ul>



<ul>
<li>Teamentwicklung</li>



<li>Teamberatung</li>
</ul>

<p>Supervision richtet sich an Einzelpersonen, Gruppen oder Teams aller Hierarchiestufen, die ihr berufliches Handeln reflektieren wollen. Sie ist eine besondere Form von Beratung bezogen auf den Berufsalltag der Supervisanden. Ziel der Supervision ist die Verbesserung der Arbeitssituation, der Arbeitsatmosphäre, der Arbeitsorganisation und der aufgabenspezifischen Kompetenzen. Möglich wird das Überprüfen: Einzelsupervision kann hilfreich sein: Team und [&hellip;]</p>
