{"id":11,"date":"2023-10-16T15:11:39","date_gmt":"2023-10-16T13:11:39","guid":{"rendered":"http:\/\/maria-bischof.at\/?page_id=11"},"modified":"2023-10-20T16:43:02","modified_gmt":"2023-10-20T14:43:02","slug":"haftungsausschluss","status":"publish","type":"page","link":"http:\/\/maria-bischof.at\/?page_id=11","title":{"rendered":"Impressum"},"content":{"rendered":"\n<h2 class=\"wp-block-heading\">Offenlegung nach \u00a7 25 Mediengesetz<\/h2>\n\n\n\n<p>Anschrift:&nbsp;<br>Volkertstra\u00dfe 4\/2\/10<br>1020 Wien<\/p>\n\n\n\n<p><\/p>\n\n\n\n<p>Telefon: 0699\/11 666 275<br>Mail: info@maria-bischof.at<br>UID &#8211; Nr.&nbsp;: ATU56269068<\/p>\n\n\n\n<p><\/p>\n\n\n\n<p>Unternehmensgegenstand:&nbsp;&nbsp;Psychotherapie als Hilfe f\u00fcr Menschen in unterschiedlichen Lebenssituationen. Supervision und Coaching f\u00fcr Organisationen und Einzelpersonen.<\/p>\n\n\n\n<p><\/p>\n\n\n\n<p>Richtung der Website:&nbsp; Information \u00fcber meinen T\u00e4tigkeitsbereich und mein Angebot.<\/p>\n\n\n\n<p><\/p>\n\n\n\n<p>Inhalt:&nbsp;&nbsp; Maria Bischof<\/p>\n","protected":false},"excerpt":{"rendered":"<p>Offenlegung nach \u00a7 25 Mediengesetz Anschrift:&nbsp;Volkertstra\u00dfe 4\/2\/101020 Wien Telefon: 0699\/11 666 275Mail: info@maria-bischof.atUID &#8211; Nr.&nbsp;: ATU56269068 Unternehmensgegenstand:&nbsp;&nbsp;Psychotherapie als Hilfe f\u00fcr Menschen in unterschiedlichen Lebenssituationen. Supervision und Coaching f\u00fcr Organisationen und Einzelpersonen. Richtung der Website:&nbsp; Information \u00fcber meinen T\u00e4tigkeitsbereich und mein Angebot. Inhalt:&nbsp;&nbsp; Maria Bischof<\/p>\n","protected":false},"author":1,"featured_media":0,"parent":0,"menu_order":0,"comment_status":"closed","ping_status":"closed","template":"","meta":{"hide_page_title":""},"_links":{"self":[{"href":"http:\/\/maria-bischof.at\/index.php?rest_route=\/wp\/v2\/pages\/11"}],"collection":[{"href":"http:\/\/maria-bischof.at\/index.php?rest_route=\/wp\/v2\/pages"}],"about":[{"href":"http:\/\/maria-bischof.at\/index.php?rest_route=\/wp\/v2\/types\/page"}],"author":[{"embeddable":true,"href":"http:\/\/maria-bischof.at\/index.php?rest_route=\/wp\/v2\/users\/1"}],"replies":[{"embeddable":true,"href":"http:\/\/maria-bischof.at\/index.php?rest_route=%2Fwp%2Fv2%2Fcomments&post=11"}],"version-history":[{"count":8,"href":"http:\/\/maria-bischof.at\/index.php?rest_route=\/wp\/v2\/pages\/11\/revisions"}],"predecessor-version":[{"id":90,"href":"http:\/\/maria-bischof.at\/index.php?rest_route=\/wp\/v2\/pages\/11\/revisions\/90"}],"wp:attachment":[{"href":"http:\/\/maria-bischof.at\/index.php?rest_route=%2Fwp%2Fv2%2Fmedia&parent=11"}],"curies":[{"name":"wp","href":"https:\/\/api.w.org\/{rel}","templated":true}]}}

<h2 class="wp-block-heading">Offenlegung nach § 25 Mediengesetz</h2>



<p>Anschrift:&nbsp;<br>Volkertstraße 4/2/10<br>1020 Wien</p>



<p></p>



<p>Telefon: 0699/11 666 275<br>Mail: info@maria-bischof.at<br>UID &#8211; Nr.&nbsp;: ATU56269068</p>



<p></p>



<p>Unternehmensgegenstand:&nbsp;&nbsp;Psychotherapie als Hilfe für Menschen in unterschiedlichen Lebenssituationen. Supervision und Coaching für Organisationen und Einzelpersonen.</p>



<p></p>



<p>Richtung der Website:&nbsp; Information über meinen Tätigkeitsbereich und mein Angebot.</p>



<p></p>



<p>Inhalt:&nbsp;&nbsp; Maria Bischof</p>

<p>Offenlegung nach § 25 Mediengesetz Anschrift:&nbsp;Volkertstraße 4/2/101020 Wien Telefon: 0699/11 666 275Mail: info@maria-bischof.atUID &#8211; Nr.&nbsp;: ATU56269068 Unternehmensgegenstand:&nbsp;&nbsp;Psychotherapie als Hilfe für Menschen in unterschiedlichen Lebenssituationen. Supervision und Coaching für Organisationen und Einzelpersonen. Richtung der Website:&nbsp; Information über meinen Tätigkeitsbereich und mein Angebot. Inhalt:&nbsp;&nbsp; Maria Bischof</p>
